 the greatest common factor of 54 and 4338?
18
Calculate the highest common divisor of 480 and 5536.
32
What is the greatest common factor of 210 and 56?
14
Calculate the greatest common factor of 9 and 9.
9
What is the greatest common factor of 329 and 235?
47
Calculate the highest common divisor of 2550 and 20.
10
Calculate the highest common divisor of 23 and 1518.
23
Calculate the highest common factor of 65 and 91.
13
What is the highest common factor of 183 and 122?
61
Calculate the highest common factor of 15 and 25.
5
What is the highest common divisor of 22 and 10?
2
What is the greatest common divisor of 177 and 3?
3
Calculate the greatest common factor of 147 and 189.
21
What is the highest common divisor of 3738 and 21?
21
Calculate the greatest common factor of 256 and 5248.
128
What is the highest common factor of 21 and 168?
21
Calculate the greatest common factor of 1175 and 282.
47
What is the greatest common divisor of 17 and 323?
17
Calculate the greatest common factor of 162 and 16686.
162
What is the highest common divisor of 11 and 13563?
11
What is the highest common divisor of 22 and 286?
22
Calculate the greatest common divisor of 33534 and 9.
9
Calculate the greatest common factor of 18 and 7.
1
Calculate the highest common factor of 12 and 36.
12
What is the highest common divisor of 140 and 315?
35
What is the greatest common divisor of 13719 and 51?
51
What is the highest common divisor of 3204 and 24?
12
Calculate the highest common factor of 115 and 207.
23
Calculate the highest common factor of 45 and 90.
45
Calculate the greatest common divisor of 35 and 755.
5
What is the highest common divisor of 160 and 416?
32
Calculate the highest common divisor of 39 and 1261.
13
Calculate the highest common factor of 522 and 1914.
174
Calculate the highest common factor of 600 and 24.
24
Calculate the greatest common factor of 1274 and 455.
91
What is the greatest common factor of 162 and 2016?
18
Calculate the greatest common factor of 233 and 32387.
233
What is the greatest common divisor of 6943 and 53?
53
Calculate the highest common divisor of 2563 and 11.
11
Calculate the highest common divisor of 57 and 1957.
19
Calculate the greatest common divisor of 24 and 11784.
24
Calculate the greatest common divisor of 202 and 909.
101
Calculate the greatest common factor of 897 and 690.
69
What is the greatest common factor of 10 and 2995?
5
What is the greatest common divisor of 1098 and 18?
18
Calculate the greatest common factor of 50 and 1390.
10
Calculate the highest common divisor of 207 and 9.
9
Calculate the highest common divisor of 50 and 275.
25
What is the greatest common divisor of 1145 and 916?
229
What is the greatest common divisor of 98 and 5243?
49
Calculate the highest common divisor of 170 and 1615.
85
What is the greatest common factor of 52 and 234?
26
Calculate the highest common divisor of 585 and 65.
65
What is the highest common factor of 345 and 105?
15
What is the highest common divisor of 98 and 119?
7
Calculate the highest common divisor of 5 and 295.
5
What is the greatest common factor of 36 and 288?
36
What is the highest common divisor of 16 and 18064?
16
What is the highest common factor of 34 and 918?
34
What is the highest common factor of 284 and 11431?
71
Calculate the highest common factor of 48 and 2634.
6
Calculate the highest common factor of 72 and 4.
4
Calculate the greatest common divisor of 492 and 240.
12
Calculate the greatest common factor of 376 and 6110.
94
Calculate the greatest common divisor of 40 and 150.
10
Calculate the highest common divisor of 50 and 625.
25
Calculate the greatest common factor of 100 and 60.
20
What is the greatest common factor of 2394 and 1764?
126
What is the highest common divisor of 54 and 135?
27
What is the highest common divisor of 44 and 11?
11
What is the highest common divisor of 486 and 648?
162
Calculate the greatest common divisor of 57 and 1957.
19
Calculate the greatest common divisor of 136 and 204.
68
What is the highest common divisor of 799 and 47?
47
Calculate the greatest common factor of 5252 and 13.
13
What is the greatest common factor of 24 and 10536?
24
Calculate the greatest common divisor of 5341 and 49.
49
Calculate the highest common factor of 110 and 638.
22
What is the highest common factor of 188 and 470?
94
What is the greatest common factor of 169 and 39?
13
What is the greatest common divisor of 4 and 46?
2
Calculate the greatest common divisor of 450 and 2450.
50
What is the greatest common factor of 8624 and 168?
56
What is the greatest common factor of 414 and 18?
18
What is the highest common factor of 80 and 620?
20
Calculate the highest common factor of 2250 and 18.
18
What is the greatest common factor of 20 and 5?
5
What is the highest common factor of 44 and 18392?
44
What is the greatest common divisor of 147 and 63?
21
What is the greatest common factor of 68407 and 67?
67
What is the greatest common divisor of 6420 and 240?
60
Calculate the highest common divisor of 75 and 6075.
75
Calculate the greatest common factor of 24 and 276.
12
Calculate the highest common factor of 113 and 2599.
113
What is the greatest common factor of 15 and 565?
5
What is the highest common factor of 145 and 232?
29
Calculate the greatest common divisor of 2511 and 93.
93
Calculate the highest common factor of 126 and 77.
7
What is the highest common factor of 289 and 187?
17
Calculate the highest common divisor of 1509 and 15.
3
What is the highest common factor of 938 and 322?
14
What is the greatest common factor of 110 and 5390?
110
What is the highest common divisor of 532 and 574?
14
Calculate the highest common divisor of 3572 and 2162.
94
Calculate the greatest common factor of 38 and 4750.
38
What is the greatest common divisor of 703 and 19?
19
What is the greatest common divisor of 33 and 717?
3
What is the highest common factor of 104 and 56?
8
Calculate the highest common divisor of 1 and 23.
1
What is the highest common factor of 78 and 143?
13
Calculate the highest common divisor of 95 and 855.
95
Calculate the highest common factor of 24 and 264.
24
What is the greatest common divisor of 360 and 324?
36
What is the greatest common divisor of 20 and 510?
10
What is the greatest common divisor of 14 and 34?
2
Calculate the greatest common divisor of 1648 and 248.
8
What is the greatest common divisor of 288 and 2088?
72
Calculate the highest common divisor of 531 and 900.
9
Calculate the highest common divisor of 3 and 105.
3
What is the highest common factor of 5084 and 410?
82
Calculate the highest common divisor of 796 and 4.
4
Calculate the highest common factor of 475 and 133.
19
Calculate the greatest common divisor of 35 and 21.
7
What is the greatest common factor of 3 and 123?
3
What is the greatest common factor of 5 and 27970?
5
Calculate the highest common divisor of 5562 and 206.
206
What is the highest common divisor of 78 and 18?
6
Calculate the highest common divisor of 96 and 40.
8
Calculate the greatest common factor of 56 and 756.
28
Calculate the highest common divisor of 110 and 230.
10
Calculate the greatest common factor of 49 and 1036.
7
What is the highest common divisor of 390 and 270?
30
Calculate the greatest common factor of 217 and 31.
31
What is the highest common divisor of 595 and 85?
85
Calculate the highest common divisor of 143 and 77.
11
Calculate the greatest common factor of 906 and 258.
6
What is the greatest common divisor of 30 and 162?
6
What is the highest common factor of 266 and 874?
38
Calculate the greatest common divisor of 49 and 14.
7
Calculate the greatest common factor of 252 and 7.
7
What is the highest common factor of 247 and 19?
19
What is the greatest common factor of 195 and 117?
39
Calculate the highest common factor of 113 and 113.
113
Calculate the highest common factor of 1292 and 68.
68
What is the greatest common divisor of 186 and 310?
62
What is the greatest common factor of 7872 and 369?
123
What is the highest common divisor of 15 and 27?
3
What is the greatest common factor of 1250 and 550?
50
Calculate the greatest common divisor of 30025 and 25.
25
What is the greatest common divisor of 670 and 80?
10
What is the highest common di